f 3058?
5
What is the thousands digit of 1000?
1
What is the hundreds digit of 17906?
9
What is the tens digit of 780?
8
What is the ten thousands digit of 29488?
2
What is the tens digit of 9168?
6
What is the thousands digit of 6158?
6
What is the tens digit of 1647?
4
What is the thousands digit of 39673?
9
What is the hundreds digit of 2240?
2
What is the ten thousands digit of 128575?
2
What is the thousands digit of 1541?
1
What is the thousands digit of 10681?
0
What is the thousands digit of 6496?
6
What is the thousands digit of 1267?
1
What is the tens digit of 7955?
5
What is the units digit of 10354?
4
What is the units digit of 6286?
6
What is the units digit of 78435?
5
What is the hundreds digit of 2991?
9
What is the ten thousands digit of 60424?
6
What is the units digit of 854?
4
What is the hundreds digit of 631?
6
What is the hundred thousands digit of 113173?
1
What is the hundreds digit of 20961?
9
What is the hundreds digit of 1078?
0
What is the tens digit of 3989?
8
What is the ten thousands digit of 210345?
1
What is the thousands digit of 79466?
9
What is the hundreds digit of 91468?
4
What is the units digit of 1074?
4
What is the hundreds digit of 10745?
7
What is the units digit of 2146?
6
What is the hundred thousands digit of 103182?
1
What is the hundreds digit of 712?
7
What is the tens digit of 5740?
4
What is the units digit of 97?
7
What is the tens digit of 43?
4
What is the tens digit of 7657?
5
What is the thousands digit of 1337?
1
What is the tens digit of 11881?
8
What is the hundreds digit of 4200?
2
What is the units digit of 330?
0
What is the hundreds digit of 6281?
2
What is the tens digit of 3982?
8
What is the units digit of 16884?
4
What is the thousands digit of 9720?
9
What is the thousands digit of 8636?
8
What is the hundreds digit of 3947?
9
What is the tens digit of 11112?
1
What is the tens digit of 537?
3
What is the units digit of 92579?
9
What is the units digit of 91?
1
What is the hundreds digit of 409?
4
What is the ten thousands digit of 70696?
7
What is the units digit of 78393?
3
What is the thousands digit of 5974?
5
What is the thousands digit of 8496?
8
What is the units digit of 201?
1
What is the units digit of 3844?
4
What is the tens digit of 29075?
7
What is the thousands digit of 2796?
2
What is the thousands digit of 9118?
9
What is the hundreds digit of 773?
7
What is the hundreds digit of 485?
4
What is the tens digit of 7681?
8
What is the tens digit of 976?
7
What is the thousands digit of 4679?
4
What is the units digit of 1163?
3
What is the units digit of 202?
2
What is the hundreds digit of 21357?
3
What is the units digit of 3885?
5
What is the hundreds digit of 2681?
6
What is the thousands digit of 25073?
5
What is the hundreds digit of 2428?
4
What is the hundred thousands digit of 132063?
1
What is the hundreds digit of 20608?
6
What is the units digit of 197?
7
What is the tens digit of 288?
8
What is the units digit of 55817?
7
What is the thousands digit of 4665?
4
What is the hundreds digit of 5931?
9
What is the units digit of 92?
2
What is the thousands digit of 7746?
7
What is the tens digit of 11314?
1
What is the hundreds digit of 1016?
0
What is the tens digit of 367?
6
What is the ten thousands digit of 19934?
1
What is the tens digit of 9259?
5
What is the tens digit of 1528?
2
What is the tens digit of 9402?
0
What is the hundreds digit of 4850?
8
What is the units digit of 110?
0
What is the units digit of 37513?
3
What is the units digit of 92835?
5
What is the units digit of 5889?
9
What is the tens digit of 316?
1
What is the tens digit of 2495?
9
What is the thousands digit of 8404?
8
What is the tens digit of 11430?
3
What is the hundreds digit of 15513?
5
What is the hundreds digit of 94875?
8
What is the units digit of 53315?
5
What is the tens digit of 812?
1
What is the thousands digit of 3582?
3
What is the thousands digit of 17701?
7
What is the hundreds digit of 9879?
8
What is the units digit of 79483?
3
What is the ten thousands digit of 73645?
7
What is the ten thousands digit of 11333?
1
What is the hundreds digit of 23177?
1
What is the units digit of 1292?
2
What is the hundreds digit of 150364?
3
What is the hundreds digit of 80663?
6
What is the hundreds digit of 2895?
8
What is the thousands digit of 5452?
5
What is the units digit of 41969?
9
What is the thousands digit of 6521?
6
What is the units digit of 3186?
6
What is the hundreds digit of 353?
3
What is the thousands digit of 6679?
6
What is the ten thousands digit of 25867?
2
What is the tens digit of 3689?
8
What is the tens digit of 4138?
3
What is the tens digit of 97880?
8
What is the units digit of 6584?
4
What is the hundreds digit of 7438?
4
What is the units digit of 19558?
8
What is the tens digit of 12586?
8
What is the hundreds digit of 59237?
2
What is the units digit of 14392?
2
What is the thousands digit of 1740?
1
What is the hundreds digit of 340?
3
What is the units digit of 6579?
9
What is the ten thousands digit of 10787?
1
What is the units digit of 2297?
7
What is the hundreds digit of 28651?
6
What is the hundreds digit of 1865?
8
What is the tens digit of 21396?
9
What is the tens digit of 2080?
8
What is the units digit of 47177?
7
What is the thousands digit of 61477?
1
What is the tens digit of 1358?
5
What is the tens digit of 1187?
8
What is the units digit of 76016?
6
What is the ten thousands digit of 46141?
4
What is the tens digit of 56?
5
What is the units digit of 393?
3
What is the thousands digit of 2631?
2
What is the hundreds digit of 242?
2
What is the units digit of 1260?
0
What is the units digit of 919?
9
What is the units digit of 22111?
1
What is the tens digit of 16760?
6
What is the hundreds digit of 629?
6
What is the units digit of 130?
0
What is the units digit of 3207?
7
What is the hundreds digit of 6411?
4
What is the units digit of 93077?
7
What is the units digit of 2449?
9
What is the thousands digit of 18814?
8
What is the ten thousands digit of 120683?
2
What is the units digit of 199?
9
What is the thousands digit of 2442?
2
What is the hundreds digit of 67347?
3
What is the units digit of 2545?
5
What is the tens digit of 5608?
0
What is the ten thousands digit of 95871?
9
What is the tens digit of 4795?
9
What is the tens digit of 1092?
9
What is the tens digit of 15501?
0
What is the thousands digit of 14996?
4
What is the tens digit of 705?
0
What is the tens digit of 8020?
2
What is the thousands digit of 1528?
1
What is the hundreds digit of 3539?
5
What is the hundreds digit of 1619?
6
What is the ten thousands digit of 13521?
1
What is the units digit of 1992?
2
What is the ten thousands digit of 42476?
4
What is the thousands digit of 7465?
7
What is the thousands digit of 30616?
0
What is the units digit of 39633?
3
What is the tens digit of 2018?
1
What is the hundreds digit of 518?
5
What is the hundreds digit of 1970?
9
What is the units digit of 469?
9
What is the thousands digit of 84974?
4
What is the tens digit of 5240?
4
What is the ten thousands digit of 14634?
1
What is the hundreds digit of 574?
5
What is the hundreds digit of 9861?
8
What is the tens digit of 5022?
2
What is the units digit of 34804?
4
What is the tens digit of 32452?
5
What is the tens digit of 2333?
3
What is the units digit of 6779?
9
What is the thousands digit of 21756?
1
What is the units digit of 953?
3
What is the thousands digit of 11181?
1
What is the thousands digit of 3070?
3
What is the units digit of 3002?
2
What is the units digit of 6358?
8
What is the hundreds digit of 1920?
9
What is the hundreds digit of 668?
6
What is the ten thousands digit of 73468?
7
What is the tens digit of 18?
1
What is the hundreds digit of 74559?
5
What is the hundreds digit of 981?
9
What is the hundreds digit of 2682?
6
What is the hundreds digit of 18830?
8
What is the ten thousands digit of 20777?
2
What is the units digit of 227?
7
What is the thousands digit of 33595?
3
What is the units digit of 513?
3
What is the tens digit of 1120?
2
What is the units digit of 70043?
3
What is the hundreds digit of 166726?
7
What is the units digit of 1665?
5
What is the units digit of 614?
4
What is the ten thousands digit o